+ 5 + 0 - 8 + 0 - 2*a**2 + a**3. Give f(2).
3
Let o = -817 - -822. Let s(x) be the first derivative of x**4/4 - 2*x**3 + 5*x**2/2 + 5*x - 2. What is s(o)?
5
Let p(g) be the second derivative of -7*g - 5/12*g**4 - 1/20*g**5 + 0 - 2/3*g**3 + 1/2*g**2. Determine p(-3).
-5
Let p(x) be the third derivative of x**6/120 - x**5/20 - 19*x**4/24 + 4*x**3/3 + 399*x**2. Determine p(6).
2
Let k = 18 - 16. Let p(v) = 34 - v**k + 2*v**2 - 74 + 37. Give p(-3).
6
Let i(r) = -2 + 2 - 2 + 0 - 3*r. Let z(d) = -d**3 + 4*d**2 + 4*d + 4. Let t be z(5). Let a be -7 + (6 + -3 - t). Determine i(a).
7
Let v(z) be the first derivative of -z**3 + 2*z**2 + z + 7. Give v(3).
-14
Let v(z) = -z**2 + 0 - 1 + 2 - 3 + 5*z. Let l be v(3). Let j(d) = 5*d + l*d**2 - 7*d**2 - 1 + 4*d**2 + 3. What is j(-6)?
8
Let c(q) be the first derivative of -7*q + 1/2*q**2 + 1/3*q**3 - 10. Give c(0).
-7
Let d(c) be the second derivative of -13*c**4/12 - c**3/3 - c**2 - 11*c - 9. What is d(-1)?
-13
Let z(w) = 3*w**2 - 4*w**2 + 2067 + 3*w - 2062. Give z(5).
-5
Let c(h) be the third derivative of -h**6/120 + 13*h**5/60 - h**4/24 + 19*h**3/6 + 84*h**2. What is c(13)?
6
Suppose -294 = -5*u - h - 2*h, -5*u + h = -302. Let b(d) = -66 - 11*d + 2*d**2 + u - 3*d**2. What is b(-4)?
22
Let n(f) = -f**3 - 6*f**2 + 7*f + 3. Let m be n(-7). Let l = 12 - m. Let u(a) = -a**3 + 9*a**2 - 3. Determine u(l).
-3
Let p(i) = -i**3 + i**2 + i. Let g = 13 + -16. Let x(a) = -a**3 - 4*a**2 - 2*a + 3. Let d be x(g). What is p(d)?
0
Let q(c) be the first derivative of -1/2*c**2 + 4 + 9/4*c**4 + 0*c**3 - c. Give q(-1).
-9
Let n(o) = o + 17. Suppose z - 4*s + 10 = 0, 0 + 10 = -z - s. Let h be (-99)/15 - z/(-25). Calculate n(h).
10
Let f(m) = -9*m - 4. Let v(j) = -43*j - 15 + 5*j - 1. Let p(t) = 9*f(t) - 2*v(t). Suppose 5*n = -r - 2, 4*n + 2 = -3*r + 7. Determine p(r).
-19
Let z(w) = -1 - 35*w**3 + 2*w**2 + 19*w**3 + 14*w**3. Suppose -4*x + 42 = 2*s, 3*x + 3*s = 2*x + 13. Let d = x - 11. What is z(d)?
3
Let i(l) = -10*l + 19*l - 3*l - 3 + 9*l - 11*l - 2*l**2. Determine i(2).
-3
Let f(p) = -21*p**2 + p - 28. Let a(l) = 10*l**2 + 13. Let z(m) = -13*a(m) - 6*f(m). Calculate z(-4).
-41
Suppose 0 = -2*b - 2*t - 2, -3*b + 3*t - 27 = -2*t. Let o(g) = -4*g - 5. Let y(u) = 9*u + 10. Let x(h) = -5*o(h) - 2*y(h). Give x(b).
-3
Let c(m) = -2*m**2 - m**3 + 3 - 3*m**2 + 0*m**2. Let h be 2 + (3/(-3))/(-1). Suppose -l + 26 = -5*o, l = -h*o - 4*l - 10. What is c(o)?
3
Let t(i) be the second derivative of -i**4/6 - 5*i**3/2 - 9*i**2/2 - 15*i. Let v(a) = 0 - 13 - 6*a**2 - 23*a + 3*a**2. Let j(z) = -8*t(z) + 5*v(z). Give j(-5).
7
Let z(a) = -a**3 + 5*a**2 + 7*a - 41. Let n be z(4). Let m(j) = 6*j - 9. Determine m(n).
9
Let g = 2238 - 2241. Let p(w) = -w**2 + w + 13. Determine p(g).
1
Let h(d) be the third derivative of -d**6/120 + d**5/10 - d**4/4 + d**3 + d**2 - 3*d. Determine h(5).
1
Let x(b) be the second derivative of b**2 - 1/2*b**3 + 4*b + 0. Let a(i) = i - 1. Let u(j) = -9*a(j) - 4*x(j). Give u(-4).
-11
Let p(q) = 7*q**3 + q. Suppose -c + 2*b = -3*c, 5*c - 18 = b. Suppose 0 = -c*u + 2*u - 5*l + 6, -4*u - 1 = -5*l. What is p(u)?
8
Suppose 0 = 3*d - 12, -5*h - d + 5*d - 21 = 0. Let l(t) = -2*t**3 - 5*t**2 + 6*t - 1. Let v(p) = -p**3 + p - 1. Let s(b) = h*l(b) + v(b). Determine s(-6).
-6
Let s(b) = 2*b**2 + 2*b - 4. Let u(k) = 2*k - 3. Let o = -2 - -2. Let t be u(o). Determine s(t).
8
Let s(r) = 6*r - 28. Let t be s(5). Let l(h) = t + 77*h - 73*h - 2. Let g be (-1)/(2 - (-2)/(-2)). Give l(g).
-4
Let d(o) = -o**2 + 13*o - 30. Let v be d(10). Let n(u) be the third derivative of -3*u**2 - 1/24*u**4 + v*u + 0*u**3 + 1/120*u**6 + 1/30*u**5 + 0. Give n(-2).
2
Let q(c) = -4*c**3 - 4*c**2 + 15. Let d(f) = 7*f**3 + 11*f**2 - f - 31. Let b(j) = -3*d(j) - 5*q(j). Determine b(-13).
-21
Let w(x) = 2*x**3 + x**2 + 3*x + 3. Let h be w(-3). Let d = h - -52. Let t(k) = 25*k. Calculate t(d).
25
Let s(j) be the second derivative of j**4/12 - 5*j**3/6 - 3*j**2/2 + j. Suppose 30 = -5*x + 10*b, -107*x - 2*b + 18 = -105*x. What is s(x)?
-7
Let y(q) be the first derivative of 7/4*q**4 - 24 - q + 0*q**3 + 1/2*q**2. What is y(1)?
7
Let q(w) be the second derivative of w**4/12 - 2*w**3/3 - w**2/2 + 10*w - 3. Let f be (16/(-10))/(1/(-5)). Let h be (-6)/f - 30/(-8). What is q(h)?
-4
Suppose -2*k - 6 = -4*h, -3*h = -7*h - 2*k - 14. Let d(x) be the third derivative of -7*x**4/24 - x**3/6 - 108*x**2. Determine d(h).
6
Let h(q) be the second derivative of 1/12*q**4 - 1/2*q**2 + 0 - 1/3*q**3 - 3*q. Let o be 1 - (-4)/(0 - 2). Determine h(o).
2
Let s(l) = l**2 - 6*l + 9. Let d be 23/(-2)*18/(-9). Suppose -3*c + d = 5*m, -2*c + m - 3*m = -10. Suppose 3*q - 19 + c = 0. Give s(q).
9
Let b(a) = -5 - a**3 + 6 + 6 - a + 4*a**2 - 2. Let f be b(4). Let s(g) = g**2 + 6*g + 2. Let h(v) = -v**2 + 1. Let w(i) = f*h(i) - s(i). Determine w(-4).
-9
Let o(b) = -b - 5. Let q be o(0). Suppose -15 = -2*x - 5. Let m(v) = v**3 - 8*v + x*v**2 + 3 + 7*v - 2. Determine m(q).
6
Let b = -47 + 52. Suppose -h = -3*k, 2*k = b*h + 5*k. Let v(q) = -q**3 + q + 16. Give v(h).
16
Let t be -3*(-7)/42*10. Let u(s) = -2*s**2 + 6*s + 3. Give u(t).
-17
Let v(y) = y**3 + 6*y**2 + 3. Let j(a) = -a**3 - a**2 - a + 1. Let s(w) = 2*j(w) + v(w). Let p = 11 - 6. Suppose -p*b - 1 = -21. What is s(b)?
-3
Let c(n) be the second derivative of 0 - 10*n + 1/3*n**3 + 5*n**2. Determine c(-7).
-4
Let o(r) = -728*r**2 + 1 + 2*r + 727*r**2 + 11*r. Suppose 0 = 3*i - 6, 22 = 2*z - 3*i + i. What is o(z)?
1
Let z(d) = -2*d - 3. Let t be z(-2). Let q(i) = i**2 - 3*i + 4. Let j(v) = -2*v**2 + 2*v - 3. Let h(o) = 5*j(o) + 4*q(o). What is h(t)?
-7
Let n(f) be the third derivative of 10*f**2 + 1/12*f**4 + f**3 + 0*f + 0. Calculate n(-4).
-2
Let p(x) = 5*x**3 + 2*x**2 - 2*x - 11. Let h(q) = -3*q**3 - q**2 + q + 5. Let s(i) = 7*h(i) + 4*p(i). Suppose 4*g + 5*t - 2*t - 9 = 0, -2*t + 6 = 0. Give s(g).
-9
Let z = 181 + -179. Let x(t) = t - 1. What is x(z)?
1
Let f(p) = -3*p - 9. Let u be ((-6)/30)/((-3)/75). Let i(t) = -t - 2*t - 6 + t. Let j(h) = u*f(h) - 8*i(h). Determine j(-4).
-1
Let c(n) = 3*n**2 - 2*n**2 - 2 + 0 + 12*n + 5. Let y be c(-12). Let t(a) = -y + 3*a + 8 + 2 + 1. Determine t(-6).
-10
Let y(z) = -z**2 + 23*z - 38. Let u be y(21). Suppose 7*i - 39 = -u. Let t(f) = f - 11. What is t(i)?
-6
Let c(l) = 5*l + 6. Let g(k) = -27*k - 30. Let q(b) = 22*c(b) + 4*g(b). Give q(-8).
-4
Let o(t) = -120*t + 216*t - 117*t. What is o(1)?
-21
Let g = 2 - 0. Let d(o) = 0*o**2 - 5*o**g - 1 + 4*o**2 - o. Suppose 3*f + 3 = -3*y, 0 = -4*y + 6 + 2. What is d(f)?
-7
Let b(t) = -t**3 - 5*t**2 - 4*t. Let l be b(-3). Let k(j) = j + 2. Let a be k(4). Let q(g) = 9 + g**3 - a*g**2 + 242*g - 238*g - 2*g**3. Give q(l).
-15
Let t be 0*((-5)/30)/1 - 0. Let w(i) = -i**3 - 6*i**2 + i + 6. Let f be w(-6). Let y(x) = 2*x - x + f*x + 4. What is y(t)?
4
Let o(f) = 8*f + 50. Suppose -2*h - 81 = 2*k - 67, k - 4*h + 7 = 0. Give o(k).
-6
Let t(d) = -3*d - 325241 + 325209 + d**2 - 5*d. What is t(11)?
1
Let f(k) = -7*k**2 - 11*k - 14. Let s = 41 + -46. Let r(b) = -4*b**2 - 5*b - 7. Let l(i) = s*r(i) + 3*f(i). What is l(-6)?
5
Let l(q) = 337 - 182 + q**2 - 152 - 5*q. Let f(n) = -n**2 + 3. Let a be f(0). Calculate l(a).
-3
Let w(l) = 2*l - l**2 + 54 - 3*l**3 + 4*l**3 - 2*l**3 - 52. Let r = -15 + 13. Calculate w(r).
2
Let z(k) = -5*k + 6. Let r(v) = 14*v - 17. Suppose 0 = -7*y + 3*y - 32. Let u(d) = y*z(d) - 3*r(d). Give u(3).
-3
Suppose 5 = 5*m - 4*f + 6, -2*m - 2*f + 14 = 0. Let x(l) = 2*l + 3. What is x(m)?
9
Let r(a) = -8*a**3 - 2*a**2 + 9*a**3 - 8*a + 20*a**2 - 5 - a**2 + 24*a. What is r(-16)?
-5
Let a(z) = 12*z**2 - 4*z + 18. Let s(t) = 5*t**2 - 3*t + 8. Let n(d) = -2*a(d) + 5*s(d). Determine n(5).
-6
Let r = -316 + 316. Let x(i) = -i + 9. Determine x(r).
9
Let l(w) be the second derivative of -w**4/12 - 2*w**3/3 - 3*w**2/2 - 5*w. Let s(v) = v**2 - 10*v + 7. Let r be s(9). Give l(r).
1
Let h = 12 + -12. Let q = 14 - 8. Let c(o) = 15*o**2 + o**3 - q - 15*o**2. Determine c(h).
-6
Let o(i) = -70*i + 2*i**3 - 3*i**3 - 67*i - 77*i + i**2 + 219*i - 4. Give o(3).
-7
Let q be (-4 + 1)/((-6)/(-8)). Let a(n) be the second derivative of n**5/20 + n**4/3 - n**3/2 - 24*n - 11. Give a(q).
12
Let f(p) = p**3 + 7*p**2 - 2. Suppose -8*v + 601 = 657. Calculate f(v).
-2
Let f(g) be the first